.
2, 87991
List the prime factors of 2348785.
5, 469757
What are the prime factors of 8482?
2, 4241
What are the prime factors of 725937?
3, 241979
List the prime factors of 7173598.
2, 1433, 2503
What are the prime factors of 393499?
17, 79, 293
What are the prime factors of 3247327?
71, 45737
What are the prime factors of 238102?
2, 17, 47, 149
What are the prime factors of 121598?
2, 163, 373
List the prime factors of 3624983.
3624983
What are the prime factors of 2616507?
3, 43, 6761
List the prime factors of 535351.
535351
What are the prime factors of 3627849?
3, 67, 18049
What are the prime factors of 273680?
2, 5, 11, 311
List the prime factors of 349465.
5, 37, 1889
What are the prime factors of 617033?
29, 21277
List the prime factors of 71321.
73, 977
What are the prime factors of 4346549?
29, 71, 2111
List the prime factors of 371872.
2, 11621
What are the prime factors of 4019643?
3, 37, 12071
What are the prime factors of 568681?
277, 2053
List the prime factors of 68662.
2, 11, 3121
List the prime factors of 10871572.
2, 19, 53, 2699
What are the prime factors of 312254?
2, 156127
List the prime factors of 19513701.
3, 43, 50423
What are the prime factors of 134507?
134507
List the prime factors of 244006.
2, 7, 29, 601
List the prime factors of 2855447.
7, 619, 659
What are the prime factors of 9941139?
3, 13, 84967
What are the prime factors of 6951059?
6951059
List the prime factors of 286494.
2, 3, 13, 3673
What are the prime factors of 1569192?
2, 3, 151, 433
List the prime factors of 8876735.
5, 7, 23, 11027
What are the prime factors of 33679?
33679
List the prime factors of 34083838.
2, 23, 67, 11059
What are the prime factors of 2299540?
2, 5, 23, 4999
List the prime factors of 101037.
3, 33679
What are the prime factors of 2462124?
2, 3, 7, 29311
What are the prime factors of 879062?
2, 419, 1049
What are the prime factors of 243152?
2, 7, 13, 167
List the prime factors of 7511045.
5, 1502209
What are the prime factors of 785421?
3, 7, 13, 137
What are the prime factors of 857744?
2, 53609
What are the prime factors of 782442?
2, 3, 17, 2557
What are the prime factors of 1083233?
31, 83, 421
List the prime factors of 1727925.
3, 5, 23039
List the prime factors of 701662.
2, 13, 26987
List the prime factors of 3884556.
2, 3, 13, 37, 673
What are the prime factors of 1072103?
1072103
List the prime factors of 210048.
2, 3, 547
What are the prime factors of 476290?
2, 5, 47629
List the prime factors of 16945621.
7, 11, 149, 211
What are the prime factors of 42080?
2, 5, 263
List the prime factors of 490148.
2, 181, 677
What are the prime factors of 346458?
2, 3, 7, 73, 113
What are the prime factors of 2949709?
7, 283, 1489
What are the prime factors of 309132?
2, 3, 31, 277
What are the prime factors of 1682732?
2, 420683
What are the prime factors of 127648?
2, 3989
What are the prime factors of 24474388?
2, 6118597
List the prime factors of 125859.
3, 41953
List the prime factors of 8966126.
2, 13, 41, 647
What are the prime factors of 747819?
3, 27697
List the prime factors of 4246140.
2, 3, 5, 70769
What are the prime factors of 4145665?
5, 37, 22409
List the prime factors of 374176.
2, 11, 1063
What are the prime factors of 4077784?
2, 509723
List the prime factors of 422198.
2, 7, 53, 569
What are the prime factors of 2703815?
5, 29, 643
What are the prime factors of 3000049?
13, 230773
What are the prime factors of 14496782?
2, 109, 66499
List the prime factors of 2282739.
3, 760913
List the prime factors of 208762.
2, 104381
List the prime factors of 188999.
188999
List the prime factors of 253518.
2, 3, 29, 31, 47
What are the prime factors of 1470017?
113, 13009
What are the prime factors of 449240?
2, 5, 11, 1021
What are the prime factors of 378823?
378823
List the prime factors of 12233169.
3, 13, 19, 5503
List the prime factors of 56235.
3, 5, 23, 163
What are the prime factors of 7346146?
2, 3673073
What are the prime factors of 604318?
2, 11, 13, 2113
List the prime factors of 109914.
2, 3, 7, 2617
What are the prime factors of 2586001?
11, 235091
List the prime factors of 186503.
421, 443
What are the prime factors of 23819?
23819
What are the prime factors of 18273930?
2, 3, 5, 37, 101, 163
What are the prime factors of 13476730?
2, 5, 61, 22093
List the prime factors of 200928.
2, 3, 7, 13, 23
What are the prime factors of 162095?
5, 17, 1907
What are the prime factors of 1288135?
5, 257627
What are the prime factors of 459270?
2, 3, 5, 7
List the prime factors of 113208.
2, 3, 53, 89
List the prime factors of 3259441.
37, 88093
List the prime factors of 17507829.
3, 47, 227, 547
What are the prime factors of 6802687?
23, 295769
What are the prime factors of 1972853?
1259, 1567
List the prime factors of 944605.
5, 17, 11113
What are the prime factors of 256961?
293, 877
List the prime factors of 3659014.
2, 53, 34519
What are the prime factors of 1625194?
2, 812597
List the prime factors of 1191869.
7, 170267
List the prime factors of 985694.
2, 17, 53, 547
What are the prime factors of 1411283?
1411283
What are the prime factors of 41910?
2, 3, 5, 11, 127
List the prime factors of 2784258.
2, 3, 154681
What are the prime factors of 9729559?
7, 17, 81761
What are the prime factors of 584349?
3, 109, 1787
List the prime factors of 969476.
2, 17, 53, 269
What are the prime factors of 7958324?
2, 11, 180871
List the prime factors of 10176095.
5, 661, 3079
What are the prime factors of 7095224?
2, 23, 38561
What are the prime factors of 1649029?
19, 229, 379
What are the prime factors of 605934?
2, 3, 7, 229
List the prime factors of 3995711.
421, 9491
What are the prime factors of 8811157?
29, 10477
List the prime factors of 1598594.
2, 109, 7333
What are the prime factors of 1080399?
3, 149, 2417
List the prime factors of 7281328.
2, 433, 1051
List the prime factors of 305054.
2, 127, 1201
What are the prime factors of 864986?
2, 37, 11689
What are the prime factors of 19170299?
383, 50053
What are the prime factors of 15208357?
313, 48589
List the prime factors of 29889.
3, 41
What are the prime factors of 7327609?
2099, 3491
List the prime factors of 1175541.
3, 391847
What are the prime factors of 815271?
3, 19, 14303
What are the prime factors of 3929442?
2, 3, 11, 29, 2053
What are the prime factors of 1492358?
2, 7, 37, 43, 67
List the prime factors of 240363.
3, 17, 1571
List the prime factors of 16210980.
2, 3, 5, 113, 797
List the prime factors of 781288.
2, 61, 1601
List the prime factors of 31247256.
2, 3, 31, 41999
What are the prime factors of 197750?
2, 5, 7, 113
What are the prime factors of 787972?
2, 196993
List the prime factors of 106827.
3, 7, 5087
What are the prime factors of 2328689?
11, 31, 6829
List the prime factors of 669781.
7, 13669
What are the prime factors of 305843?
19, 16097
What are the prime factors of 616959?
3, 7, 1399
What are the prime factors of 6888484?
2, 79, 21799
What are the prime factors of 5327990?
2, 5, 677, 787
What are the prime factors of 226710?
2, 3, 5, 11, 229
List the prime factors of 10022400.
2, 3, 5, 29
What are the prime factors of 140656?
2, 59, 149
List the prime factors of 10703.
7, 11, 139
List the prime factors of 3357583.
1181, 2843
List the prime factors of 776900.
2, 5, 17, 457
What are the prime factors of 5978172?
2, 3, 498181
What are the prime factors of 489813?
3, 43, 3797
List the prime factors of 7351.
7351
List the prime factors of 2371888.
2, 148243
List the prime factors of 654470.
2, 5, 65447
What are the prime factors of 14856979?
14856979
List the prime factors of 310667.
7, 44381
What are the prime factors of 1033997?
293, 3529
What are the prime factors of 132139?
7, 43, 439
List the prime factors of 641157.
3, 11, 19429
What are the prime factors of 1897113?
3, 632371
What are the prime factors of 136261?
136261
What are the prime factors of 850920?
2, 3, 5, 7, 1013
List the prime factors of 222441.
3, 53, 1399
What are the prime factors of 112861?
7, 23, 701
List the prime factors of 154901.
191, 811
List the prime factors of 4317498.
2, 3, 131, 1831
List the prime factors of 36354987.
3, 41, 89
What are the prime factors of 3249478?
2, 439, 3701
List the prime factors of 7181717.
7181717
What are the prime factors 